{"id":2,"date":"2024-11-29T11:44:51","date_gmt":"2024-11-29T11:44:51","guid":{"rendered":"https:\/\/architechniker.de\/wordpress\/?page_id=2"},"modified":"2024-12-02T10:26:40","modified_gmt":"2024-12-02T09:26:40","slug":"willkommen","status":"publish","type":"page","link":"https:\/\/architechniker.de\/wordpress\/","title":{"rendered":"Willkommen bei Ihrem ARCHItechniker Thomas Tausend"},"content":{"rendered":"\r\n<div class=\"componentheading\">ARCHItechniker: L\u00f6sungen mit Herz, Hand &amp; Hirn!<\/div>\r\n<table class=\"blog\" cellspacing=\"0\" cellpadding=\"0\">\r\n<tbody>\r\n<tr>\r\n<td valign=\"top\">\r\n<div>\r\n<table class=\"contentpaneopen\" style=\"width: 100%;\">\r\n<tbody>\r\n<tr>\r\n<td style=\"width: 0.653168%;\" colspan=\"2\" valign=\"top\">\r\n<div align=\"left\"><strong>Hier erfahren Sie, was ein ARCHItechniker f\u00fcr SIE tun kann und wie auch Ihr Unternehmen und\/oder Projekt von L\u00f6sungen mit Herz, Hand &amp; Hirn profitieren kann!<\/strong><\/div>\r\n<div align=\"left\">\r\n<div align=\"left\">\r\n<div align=\"left\">Die Philosophie des Konzepts tr\u00e4gt der Tatsache Rechnung, dass in modernen Unternehmensstrukturen Prozesse und IT-Infrastruktur immer intensiver verwoben werden und so effiziente, nutzerfreundliche und preiswerte L\u00f6sungen eine ganzheitliche Betrachung notwendig machen. Die als ARCHItechniker Portal zusammengeschlossenen IT- und Vertriebsprofis verf\u00fcgen \u00fcber langj\u00e4hrige Erfahrung, ein umfangreiches Fachwissen, eine schnelle Auffassungsgabe und die F\u00e4higkeit pragmatische L\u00f6sungen zu entwickeln und umzusetzen.<\/div>\r\n<div align=\"left\">\u00a0<\/div>\r\n<\/div>\r\n<\/div>\r\n<\/td>\r\n<\/tr>\r\n<\/tbody>\r\n<\/table>\r\n<span class=\"article_separator\">\u00a0<\/span><\/div>\r\n<div>\r\n<table class=\"contentpaneopen\">\r\n<tbody>\r\n<tr>\r\n<td class=\"contentheading\" width=\"100%\">Was ist ein ARCHItechniker?<\/td>\r\n<td class=\"buttonheading\" align=\"right\" width=\"100%\"><a title=\"PDF\" href=\"https:\/\/liefert.info\/index.php?view=article&amp;catid=25:architechniker-allgemein&amp;id=44:was-ist-ein-architechniker&amp;format=pdf\" rel=\"nofollow\"><img decoding=\"async\" src=\"https:\/\/architechniker.de\/wordpress\/wp-content\/uploads\/2024\/11\/pdf_button.png\" alt=\"PDF\" \/><\/a><\/td>\r\n<td class=\"buttonheading\" align=\"right\" width=\"100%\"><a title=\"Drucken\" href=\"https:\/\/liefert.info\/index.php?view=article&amp;catid=25:architechniker-allgemein&amp;id=44:was-ist-ein-architechniker&amp;tmpl=component&amp;print=1&amp;layout=default&amp;page=\" rel=\"nofollow\"><img decoding=\"async\" src=\"https:\/\/architechniker.de\/wordpress\/wp-content\/uploads\/2024\/11\/printButton.png\" alt=\"Drucken\" \/><\/a><\/td>\r\n<td class=\"buttonheading\" align=\"right\" width=\"100%\"><a title=\"E-Mail\" href=\"https:\/\/liefert.info\/index.php\/component\/mailto\/?tmpl=component&amp;link=6880a615052a95852f94a13116928e68c74e93c3\"><img decoding=\"async\" src=\"https:\/\/architechniker.de\/wordpress\/wp-content\/uploads\/2024\/11\/emailButton.png\" alt=\"E-Mail\" \/><\/a><\/td>\r\n<\/tr>\r\n<\/tbody>\r\n<\/table>\r\n<table class=\"contentpaneopen\">\r\n<tbody>\r\n<tr>\r\n<td colspan=\"2\" valign=\"top\">\r\n<h5>\u00a0<\/h5>\r\n<table border=\"0\">\r\n<tbody>\r\n<tr>\r\n<td style=\"text-align: center;\">\r\n<p>planen<\/p>\r\n<\/td>\r\n<td>\r\n<p>ARCHItechniker<\/p>\r\n<\/td>\r\n<td style=\"text-align: center;\">\r\n<p>realisieren<\/p>\r\n<\/td>\r\n<\/tr>\r\n<tr>\r\n<td style=\"text-align: center;\">\r\n<p><img loading=\"lazy\" decoding=\"async\" src=\"https:\/\/architechniker.de\/wordpress\/wp-content\/uploads\/2024\/11\/ARCHItechniker-Planer.png\" alt=\"ARCHItechniker Planer\" width=\"96\" height=\"100\" \/><\/p>\r\n<\/td>\r\n<td>\r\n<p>Ein ARCHItechniker kann Projekte, Prozesse, Arbeitsabl\u00e4ufe, IT-Infrastruktur, Rollouts, Migrationen usw. nicht nur planen, sondern kennt sich auch mit der Umsetzung aus!<\/p>\r\n<\/td>\r\n<td style=\"text-align: center;\">\r\n<p><img loading=\"lazy\" decoding=\"async\" src=\"https:\/\/architechniker.de\/wordpress\/wp-content\/uploads\/2024\/11\/ARCHItechniker-Builder.png\" alt=\"ARCHItechniker Builder\" width=\"77\" height=\"100\" \/><\/p>\r\n<\/td>\r\n<\/tr>\r\n<tr>\r\n<td style=\"text-align: center;\">\u00a0<\/td>\r\n<td>\u00a0<\/td>\r\n<td style=\"text-align: center;\">\u00a0<\/td>\r\n<\/tr>\r\n<tr>\r\n<td style=\"text-align: center;\">\r\n<p>steuern<\/p>\r\n<\/td>\r\n<td>\u00a0<\/td>\r\n<td style=\"text-align: center;\">\r\n<p>retten<\/p>\r\n<\/td>\r\n<\/tr>\r\n<tr>\r\n<td style=\"text-align: center;\">\r\n<p><img loading=\"lazy\" decoding=\"async\" src=\"https:\/\/architechniker.de\/wordpress\/wp-content\/uploads\/2024\/11\/ARCHItechniker-Steuerung-Administration.png\" alt=\"ARCHItechniker Steuerung Administration\" width=\"101\" height=\"100\" \/><\/p>\r\n<\/td>\r\n<td>\r\n<p>Ein ARCHItechniker beherrscht die Werkzeuge des Controlling und \u00fcbernimmt die Steuerung von Projekten und Prozessen, versteht sich aber auch auf Feuerwehr-Eins\u00e4tze, wo er im St\u00f6rungsfall\u00a0mit umfassendem Know How und Improvisationstalent die Betriebsf\u00e4higkeit schnell\u00a0wieder herstellen kann.<\/p>\r\n<\/td>\r\n<td style=\"text-align: center;\"><img loading=\"lazy\" decoding=\"async\" src=\"https:\/\/architechniker.de\/wordpress\/wp-content\/uploads\/2024\/11\/ARCHItechniker-Feuerwehr.png\" alt=\"ARCHItechniker-Feuerwehr\" width=\"133\" height=\"100\" \/><\/td>\r\n<\/tr>\r\n<tr>\r\n<td style=\"text-align: center;\">\u00a0<\/td>\r\n<td>\u00a0<\/td>\r\n<td style=\"text-align: center;\">\u00a0<\/td>\r\n<\/tr>\r\n<tr>\r\n<td style=\"text-align: center;\">\r\n<p>wissen<\/p>\r\n<\/td>\r\n<td>\u00a0<\/td>\r\n<td style=\"text-align: center;\">\r\n<p>lehren<\/p>\r\n<\/td>\r\n<\/tr>\r\n<tr>\r\n<td style=\"text-align: center;\">\r\n<p><img loading=\"lazy\" decoding=\"async\" src=\"https:\/\/architechniker.de\/wordpress\/wp-content\/uploads\/2024\/11\/ARCHItechniker-Wissen.png\" alt=\"ARCHItechniker-Wissen\" width=\"75\" height=\"100\" \/><\/p>\r\n<\/td>\r\n<td>\r\n<p>Langj\u00e4hrige Berufspraxis und st\u00e4ndige Weiterbildung bilden die Grundlage f\u00fcr ein solides Fachwissen aus unterschiedlichen Branchen und Positionen. Dieses Wissen auch verst\u00e4ndlich und praxisorientiert zu vermitteln ist f\u00fcr ARCHItechniker genauso wichtig.<\/p>\r\n<\/td>\r\n<td style=\"text-align: center;\"><img loading=\"lazy\" decoding=\"async\" src=\"https:\/\/architechniker.de\/wordpress\/wp-content\/uploads\/2024\/11\/ARCHItechniker-Dozent.png\" alt=\"ARCHItechniker-Dozent\" width=\"114\" height=\"100\" \/><\/td>\r\n<\/tr>\r\n<tr>\r\n<td style=\"text-align: center;\">\u00a0<\/td>\r\n<td>\u00a0<\/td>\r\n<td style=\"text-align: center;\">\u00a0<\/td>\r\n<\/tr>\r\n<tr>\r\n<td style=\"text-align: center;\">\r\n<p>kontrollieren<\/p>\r\n<\/td>\r\n<td>\u00a0<\/td>\r\n<td style=\"text-align: center;\">\r\n<p>korrigieren<\/p>\r\n<\/td>\r\n<\/tr>\r\n<tr>\r\n<td style=\"text-align: center;\"><img loading=\"lazy\" decoding=\"async\" src=\"https:\/\/architechniker.de\/wordpress\/wp-content\/uploads\/2024\/11\/ARCHItechniker-kontrollieren.png\" alt=\"ARCHItechniker kontrollieren\" width=\"112\" height=\"100\" \/><\/td>\r\n<td>\r\n<p>Trotz sorgf\u00e4ltiger Planung kommt es immer wieder zu Abweichungen und St\u00f6rungen. ARCHItechniker helfen nicht nur diese zu erkennen, sondern sorgen bei Bedarf auch unmittelbar f\u00fcr Abhilfe.<\/p>\r\n<\/td>\r\n<td style=\"text-align: center;\">\r\n<p><img loading=\"lazy\" decoding=\"async\" src=\"https:\/\/architechniker.de\/wordpress\/wp-content\/uploads\/2024\/11\/ARCHItechniker-korrigieren.png\" alt=\"ARCHItechniker korrigieren\" width=\"70\" height=\"100\" \/><\/p>\r\n<\/td>\r\n<\/tr>\r\n<tr>\r\n<td style=\"text-align: center;\">\u00a0<\/td>\r\n<td>\u00a0<\/td>\r\n<td style=\"text-align: center;\">\u00a0<\/td>\r\n<\/tr>\r\n<tr>\r\n<td style=\"text-align: center;\">\r\n<p>beobachten<\/p>\r\n<\/td>\r\n<td>\u00a0<\/td>\r\n<td style=\"text-align: center;\">\r\n<p>unterst\u00fctzen<\/p>\r\n<\/td>\r\n<\/tr>\r\n<tr>\r\n<td style=\"text-align: center;\">\r\n<p><img loading=\"lazy\" decoding=\"async\" src=\"https:\/\/architechniker.de\/wordpress\/wp-content\/uploads\/2024\/11\/ARCHItechniker-beobachten.png\" alt=\"ARCHItechniker beobachten\" width=\"85\" height=\"100\" \/><\/p>\r\n<\/td>\r\n<td>\r\n<p>ARCHItechniker leiten und moderieren nicht nur Planungsteams und Projektgruppen, ARCHItechniker geben dem einzelnen Mitarbeiter konkrete Hilfestellung zur Umsetzung.<\/p>\r\n<\/td>\r\n<td style=\"text-align: center;\">\r\n<p><img loading=\"lazy\" decoding=\"async\" src=\"https:\/\/architechniker.de\/wordpress\/wp-content\/uploads\/2024\/11\/ARCHItechniker-unterstuetzen.png\" alt=\"ARCHItechniker unterst\u00fctzen\" width=\"90\" height=\"100\" \/><\/p>\r\n<\/td>\r\n<\/tr>\r\n<tr>\r\n<td style=\"text-align: center;\">\u00a0<\/td>\r\n<td>\u00a0<\/td>\r\n<td style=\"text-align: center;\">\u00a0<\/td>\r\n<\/tr>\r\n<tr>\r\n<td style=\"text-align: center;\">\r\n<p>zielorientiert<\/p>\r\n<\/td>\r\n<td>\u00a0<\/td>\r\n<td style=\"text-align: center;\">\r\n<p>Teamplayer<\/p>\r\n<\/td>\r\n<\/tr>\r\n<tr>\r\n<td style=\"text-align: center;\">\r\n<p><img loading=\"lazy\" decoding=\"async\" src=\"https:\/\/architechniker.de\/wordpress\/wp-content\/uploads\/2024\/11\/ARCHItechniker-zielorientiert.png\" alt=\"ARCHItechniker sind zielorientiert\" width=\"88\" height=\"100\" \/><\/p>\r\n<\/td>\r\n<td>\r\n<p>ARCHItechniker k\u00f6nnen viele Ziele aufgrund eines breiten Wissens- und Leistungsspektrum alleine erreichen, verf\u00fcgen jedoch \u00fcber ein umfangreiches Netzwerk aus Fachleuten aus verschiedenen Branchen und Wissensgebieten.<\/p>\r\n<\/td>\r\n<td style=\"text-align: center;\">\r\n<p><img loading=\"lazy\" decoding=\"async\" src=\"https:\/\/architechniker.de\/wordpress\/wp-content\/uploads\/2024\/11\/ARCHItechniker-Netzwerker.png\" alt=\"ARCHItechniker sind Netzwerker\" width=\"108\" height=\"100\" \/><\/p>\r\n<\/td>\r\n<\/tr>\r\n<\/tbody>\r\n<\/table>\r\n<\/td>\r\n<\/tr>\r\n<\/tbody>\r\n<\/table>\r\n<\/div>\r\n<\/td>\r\n<\/tr>\r\n<\/tbody>\r\n<\/table>\r\n","protected":false},"excerpt":{"rendered":"<p>ARCHItechniker: L\u00f6sungen mit Herz, Hand &amp; Hirn! Hier erfahren Sie, was ein ARCHItechniker f\u00fcr SIE tun kann und wie auch Ihr Unternehmen und\/oder Projekt von L\u00f6sungen mit Herz, Hand &amp; Hirn profitieren kann! Die Philosophie des Konzepts tr\u00e4gt der Tatsache Rechnung, dass in modernen Unternehmensstrukturen Prozesse und IT-Infrastruktur immer intensiver verwoben werden und so effiziente, [&hellip;]<\/p>\n","protected":false},"author":1,"featured_media":48,"parent":0,"menu_order":0,"comment_status":"closed","ping_status":"open","template":"","meta":{"advgb_blocks_editor_width":"","advgb_blocks_columns_visual_guide":"","footnotes":""},"class_list":["post-2","page","type-page","status-publish","has-post-thumbnail","hentry"],"coauthors":[],"author_meta":{"author_link":"https:\/\/architechniker.de\/wordpress\/index.php\/author\/thomas\/","display_name":"admin"},"relative_dates":{"created":"Posted 1\u00a0Jahr ago","modified":"Updated 1\u00a0Jahr ago"},"absolute_dates":{"created":"Posted on 29\/11\/2024","modified":"Updated on 02\/12\/2024"},"absolute_dates_time":{"created":"Posted on 29\/11\/2024 11:44","modified":"Updated on 02\/12\/2024 10:26"},"featured_img_caption":"","featured_img":"https:\/\/architechniker.de\/wordpress\/wp-content\/uploads\/2024\/12\/ARCHItechniker-LOGO_TT.png","series_order":"","jetpack_sharing_enabled":true,"_links":{"self":[{"href":"https:\/\/architechniker.de\/wordpress\/index.php\/wp-json\/wp\/v2\/pages\/2","targetHints":{"allow":["GET"]}}],"collection":[{"href":"https:\/\/architechniker.de\/wordpress\/index.php\/wp-json\/wp\/v2\/pages"}],"about":[{"href":"https:\/\/architechniker.de\/wordpress\/index.php\/wp-json\/wp\/v2\/types\/page"}],"author":[{"embeddable":true,"href":"https:\/\/architechniker.de\/wordpress\/index.php\/wp-json\/wp\/v2\/users\/1"}],"replies":[{"embeddable":true,"href":"https:\/\/architechniker.de\/wordpress\/index.php\/wp-json\/wp\/v2\/comments?post=2"}],"version-history":[{"count":4,"href":"https:\/\/architechniker.de\/wordpress\/index.php\/wp-json\/wp\/v2\/pages\/2\/revisions"}],"predecessor-version":[{"id":56,"href":"https:\/\/architechniker.de\/wordpress\/index.php\/wp-json\/wp\/v2\/pages\/2\/revisions\/56"}],"wp:featuredmedia":[{"embeddable":true,"href":"https:\/\/architechniker.de\/wordpress\/index.php\/wp-json\/wp\/v2\/media\/48"}],"wp:attachment":[{"href":"https:\/\/architechniker.de\/wordpress\/index.php\/wp-json\/wp\/v2\/media?parent=2"}],"curies":[{"name":"wp","href":"https:\/\/api.w.org\/{rel}","templated":true}]}}