{"id":30,"date":"2024-11-29T14:46:53","date_gmt":"2024-11-29T14:46:53","guid":{"rendered":"https:\/\/architechniker.de\/wordpress\/?page_id=30"},"modified":"2024-11-29T14:47:43","modified_gmt":"2024-11-29T14:47:43","slug":"profil-thomas-tausend","status":"publish","type":"page","link":"https:\/\/architechniker.de\/wordpress\/index.php\/willkommen\/profil-thomas-tausend\/","title":{"rendered":"Profil Thomas Tausend"},"content":{"rendered":"<p><img loading=\"lazy\" decoding=\"async\" class=\"alignright\" src=\"https:\/\/architechniker.de\/wordpress\/wp-content\/uploads\/2024\/11\/Thomas-Tausend-Passbild-150-wbg.jpg\" alt=\"Thomas-Tausend-Passbild-150-wbg\" width=\"100\" height=\"150\" \/><\/p>\n<table border=\"0\" cellspacing=\"0\" cellpadding=\"0\">\n<tbody>\n<tr>\n<td valign=\"top\">\n<h2>Erfahrung\/T\u00e4tigkeit<\/h2>\n<\/td>\n<td valign=\"top\"><\/td>\n<\/tr>\n<tr>\n<td valign=\"top\">seit 1995<\/p>\n<p>&nbsp;<\/td>\n<td valign=\"top\">Freiberufliche T\u00e4tigkeit als Consultant f\u00fcr IT und Vertrieb in Handel, Finanzdienstleistung, Touristik, Verwaltung und anderen Branchen.<\/p>\n<p>Softwareentwicklung und Projektleitung in den Bereichen Software-Entwicklung und \u2013Test, eCommerce, Marketing\/SEO, CMS, CRM\/ERP, Migration, Rollout, Callcenter, Datenbankdesign, und \u2013administration, Servervirtualisierung, Administration von Windows- und Linuxsystemen und vieles mehr.<\/td>\n<\/tr>\n<tr>\n<td valign=\"top\">seit 1995<\/td>\n<td valign=\"top\">Autor von Fernlehrmaterialien f\u00fcr ein gro\u00dfes Fernlehrinstitut<\/td>\n<\/tr>\n<tr>\n<td valign=\"top\">seit 1993<\/td>\n<td valign=\"top\">Selbst\u00e4ndiger Trainer f\u00fcr Pers\u00f6nlichkeitstraining und IT mit \u00fcber 1000 erfolgreich durchgef\u00fchrten Seminaren<\/td>\n<\/tr>\n<tr>\n<td valign=\"top\">1991 \u2013 1993<\/p>\n<p>&nbsp;<\/td>\n<td valign=\"top\">Gesch\u00e4ftsstellenleiter f\u00fcr einen internationalen Finanzdienstleistungsmakler in Darmstadt<\/td>\n<\/tr>\n<tr>\n<td valign=\"top\">1989 \u2013 1991<\/p>\n<p>&nbsp;<\/td>\n<td valign=\"top\">Leiter der Computer und Telekommunikations\u00adabteilung eines Elektronik-Fachmarktes in Frankfurt<\/td>\n<\/tr>\n<tr>\n<td valign=\"top\">1984 &#8211; 1989<\/td>\n<td valign=\"top\">redaktionelle T\u00e4tigkeit f\u00fcr verschiedene Computer\u00admagazine<\/td>\n<\/tr>\n<tr>\n<td valign=\"top\"><\/td>\n<td valign=\"top\"><\/td>\n<\/tr>\n<tr>\n<td valign=\"top\">\n<h2>Ausbildung<\/h2>\n<p>&nbsp;<\/td>\n<td valign=\"top\">ITIL V3 Foundation Zertifizierung<\/p>\n<p>Handelsfachwirt<\/p>\n<p>IHK \u201eAusbildung der Ausbilder\u201c<\/p>\n<p>Einzelhandelskaufmann<\/p>\n<p>Fachhochschulreife Wirtschaft, Verwaltung und Rechtspflege<\/p>\n<p>St\u00e4ndige Weiterbildung durch Seminare, Kongresse und Workshops z.B. bei Anthony Robbins, Vera F. Birkenbihl, Dirk Treusch, Gregor Staub, Robert Bergman, Axel J. Bertling, Rolf H. Ruhleder, Carsten Maschmeyer, Monika Matschnig, Henry Maske, Bill Clinton, Dr. Bertrand Piccard, Alistair Cockburn u.a.<\/td>\n<\/tr>\n<\/tbody>\n<\/table>\n<table>\n<tbody>\n<tr>\n<td valign=\"top\">\n<h2>Bio<\/h2>\n<p>&nbsp;<\/td>\n<td valign=\"top\">Jahrgang: 1966<\/p>\n<p>Nationalit\u00e4t: Deutsch<\/p>\n<p>Sprachen:<\/p>\n<p>deutsch (Muttersprache)<\/p>\n<p>englisch (flie\u00dfend \u2013 auch als Seminarsprache)<\/p>\n<p>verheiratet, 2 Kinder<\/p>\n<p>Computer seit 1980<\/p>\n<p>selbst\u00e4ndig seit 1991<\/p>\n<p>Hobbies: Computer, Internet, Reisen<\/td>\n<\/tr>\n<\/tbody>\n<\/table>\n<p><em>\u00a0<\/em><\/p>\n<p><em>\u201eWenn Dein einziges Werkzeug ein Hammer ist,\u00a0<\/em><em>sieht jedes Problem wie ein Nagel aus!\u201c<\/em><\/p>\n<p><em>Paul Watzlawick<\/em><\/p>\n<h1>Mein \u201eWerkzeugkasten\u201c:<\/h1>\n<p>&nbsp;<\/p>\n<table border=\"0\" cellspacing=\"0\" cellpadding=\"0\">\n<tbody>\n<tr>\n<td colspan=\"2\" valign=\"top\" width=\"212\">\n<h2>Hardware:<\/h2>\n<\/td>\n<td valign=\"top\"><\/td>\n<\/tr>\n<tr>\n<td colspan=\"2\" valign=\"top\" width=\"212\"><\/td>\n<td valign=\"top\">PC\/Server (Bau, Diagnose, Reparatur, Aufr\u00fcstung, Umbau)<\/p>\n<p>Apple Macintosh<\/p>\n<p>Netzwerk-Infrastruktur (Router\/Switches\/Bridges\/VPN&#8230;)<\/p>\n<p>Drucker<\/p>\n<p>Printserver<\/p>\n<p>Scanner<\/p>\n<p>iSCSI\/SAN\/NAS -Storage<\/p>\n<p>WLAN<\/p>\n<p>Smartphones (Symbian S60, Apple iPhone\u2026)<\/p>\n<p>Kassen- u. POS-Systeme<\/p>\n<p>Telefonanlagen (Eumex, AGFEO u.a.)<\/td>\n<\/tr>\n<tr>\n<td colspan=\"3\" valign=\"top\">\n<h2>Windows Skills<\/h2>\n<\/td>\n<\/tr>\n<tr>\n<td valign=\"top\">NT 4.0 Server<\/p>\n<p>Windows SBS<\/p>\n<p>Windows 2003 Server<\/p>\n<p>Windows 2008 Server<\/p>\n<p>Microsoft Exchange Server<\/p>\n<p>Microsoft SQL-Server<\/p>\n<p>Microsoft Terminalserver<\/p>\n<p>Microsoft IIS<\/p>\n<p>Microsoft Sharepoint Server<\/p>\n<p>&nbsp;<\/td>\n<td colspan=\"2\" valign=\"top\">Installation<\/p>\n<p>Konfiguration<\/p>\n<p>Wartung<\/p>\n<p>Installation von entsprechenden Servicepacks und Updates<\/p>\n<p>Migration<\/p>\n<p>Debugging<\/p>\n<p>Servervirtualisierung z.B. unter Microsoft Hyper-V, VMware, Parallels<\/td>\n<\/tr>\n<tr>\n<td valign=\"top\">Windows 3.1<\/p>\n<p>Windows 95<\/p>\n<p>Windows 98<\/p>\n<p>Windows ME<\/p>\n<p>Windows 2000<\/p>\n<p>Windows NT 4.0 Client<\/p>\n<p>Windows XP<\/p>\n<p>Windows\u00a0Vista<\/p>\n<p>Windows 7<\/td>\n<td colspan=\"2\" valign=\"top\">Installation von Microsoft Windows Workstation in Netzwerken<\/p>\n<p>Auch Multiprozessor und RAID Systeme<\/p>\n<p>Servicepackinstallation<\/p>\n<p>Installation und Einsatz div. Zusatzanwendungen und Admin-Tools<\/p>\n<p>Alle Officeapplikationen (alle Versionen) z.B.:<\/p>\n<ul>\n<li>MS-Word,<\/li>\n<li>MS-Excel<\/li>\n<li>MS-Access<\/li>\n<li>MS-Powerpoint<\/li>\n<li>MS-Frontpage<\/li>\n<li>MS-Expression Web<\/li>\n<li>MS-Outlook<\/li>\n<li>MS-Internet-Explorer<\/li>\n<li>MS-Visio<\/li>\n<li>MS Office Communicator<\/li>\n<li>Firefox<\/li>\n<li>Safari<\/li>\n<li>CorelDraw<\/li>\n<li>Lotus AmiPro<\/li>\n<li>Lotus 1-2-3<\/li>\n<li>Lotus Freelance<\/li>\n<li>Lotus Notes<\/li>\n<li>Corel Draw<\/li>\n<li>Corel Photopaint<\/li>\n<li>GS-Buchhalter<\/li>\n<\/ul>\n<p>&nbsp;<\/p>\n<p>Grundkenntnisse in Software von SAP, Adobe, Macromedia, Remedy u.a.<\/p>\n<p>&nbsp;<\/p>\n<p>Anbinden an das Intra- und Internet \u00fcber Server, Router, Switches, Bridges und Proxyserver<\/p>\n<p>Installation Einsatz div. Backupl\u00f6sungen<\/td>\n<\/tr>\n<\/tbody>\n<\/table>\n<p>&nbsp;<\/p>\n<table border=\"0\" cellspacing=\"0\" cellpadding=\"0\">\n<tbody>\n<tr>\n<td valign=\"top\">\n<h2>Administration<\/h2>\n<\/td>\n<td valign=\"top\">Userverwaltung in einer oder mehrerer Dom\u00e4nen bzw. ADS unter der Ber\u00fccksichtigung der folgenden Punkte:<\/p>\n<ul>\n<li>RAS-Zugang und Berechtigung<\/li>\n<li>Netzwerk-Druckerinstallation bzw. Freigabe und Verteilung<\/li>\n<li>Planen und Erstellen von Strukturen im Netzwerkfilesystem sowie Vergabe von Rechten f\u00fcr Gruppen und User<\/li>\n<\/ul>\n<p>Terminal Server \/ Remote Desktop<\/p>\n<p>Voice-over-IP \/ ISDN over IP<\/p>\n<p>Active Directory Services<\/td>\n<\/tr>\n<tr>\n<td valign=\"top\"><\/td>\n<td valign=\"top\"><\/td>\n<\/tr>\n<tr>\n<td valign=\"top\">\n<h2>Virtuelle Umgebungen<\/h2>\n<\/td>\n<td valign=\"top\">Hardwarekonzeption, Bau, Konfiguration, Einrichtung, Migration und Wartung von Plattformen f\u00fcr den Betrieb virtueller Systeme mit 32 und 64 Bit Host- und Guest-Betriebssystemen unter<\/p>\n<p>&nbsp;<\/p>\n<ul>\n<li>Microsoft Virtual PC<\/li>\n<li>Microsoft Virtual Server \/ Hyper-V<\/li>\n<li>VMware Server<\/li>\n<li>SUN VirtualBox<\/li>\n<li>Plesk Parallels<\/li>\n<\/ul>\n<p>&nbsp;<\/td>\n<\/tr>\n<tr>\n<td valign=\"top\">\n<h2>Programmierung<\/h2>\n<\/td>\n<td valign=\"top\"><\/td>\n<\/tr>\n<tr>\n<td valign=\"top\"><\/td>\n<td valign=\"top\">\n<ul>\n<li>Basic (verschiedene Dialekte)<\/li>\n<li>VBA<\/li>\n<li>.NET<\/li>\n<li>Assembler<\/li>\n<li>PHP3\/PHP4\/PHP5<\/li>\n<li>Objective-C (Apple iPhone)<\/li>\n<li>Java\/Java-Script<\/li>\n<li>Diverse Makrosprachen<\/li>\n<\/ul>\n<p>&nbsp;<\/p>\n<p>&nbsp;<\/p>\n<p>25+ Jahre Programmiererfahrung in verschiedenen Sprachen und Frameworks, Testgetriebene Entwicklung \/ TDD, Agile Softwareentwicklung \/ Extreme Programming, Performance- und Stabilit\u00e4tstest<\/td>\n<\/tr>\n<tr>\n<td valign=\"top\"><\/td>\n<td valign=\"top\"><\/td>\n<\/tr>\n<tr>\n<td valign=\"top\">\n<h2>Internet\/Intranet<\/h2>\n<\/td>\n<td valign=\"top\"><\/td>\n<\/tr>\n<tr>\n<td valign=\"top\"><\/td>\n<td valign=\"top\">\n<ul>\n<li>LAMP \/ WAMP-Systeme<\/li>\n<li>Apache-Webserver<\/li>\n<li>Tomcat \/ JServ<\/li>\n<li>Parallels \/ Plesk \/ YAST \/ Webmin<\/li>\n<li>html \/ xml \/ CSS<\/li>\n<li>mySQL \/SQLite \/ Microsoft SQL Server<\/li>\n<li>Content Management Systeme CMS (Joomla, Typo3, Worldpress, Postnuke u.a.)<\/li>\n<li>KM-Systeme f\u00fcr Wissensmanagement (MediaWiki u.a.)<\/li>\n<li>e-Commerce \/ Webshops (Caupo, osCommerce u.a.)<\/li>\n<li>Online-Zahlungssysteme (Paypal, Kreditkarten, Micropayment)<\/li>\n<li>SEO Suchmaschinenoptimierung<\/li>\n<li>Google Adwords Optimierung<\/li>\n<li>Internet Explorer<\/li>\n<li>Firefox<\/li>\n<li>Chrome<\/li>\n<li>Safari<\/li>\n<\/ul>\n<\/td>\n<\/tr>\n<tr>\n<td valign=\"top\">\n<h2>Datenbanken<\/h2>\n<\/td>\n<td valign=\"top\"><\/td>\n<\/tr>\n<tr>\n<td valign=\"top\"><\/td>\n<td valign=\"top\">Konzeption und Umsetzung von Datenbank-L\u00f6sungen im LAN und Internet mit<\/p>\n<p>&nbsp;<\/p>\n<ul>\n<li>MS-SQL-Server<\/li>\n<li>MS-Access<\/li>\n<li>mySQL<\/li>\n<li>SQLite<\/li>\n<li>ORACLE<\/li>\n<\/ul>\n<p>&nbsp;<\/p>\n<p>Konzeption, Datenmodellierung, Programmierung, Geschwindigkeitsoptimierung, Datenimport\/export, Backup, Konsolidierung, Statistiken, Berechtigungskonzepte, GUI, Anbindung an externe Systeme usw.<\/td>\n<\/tr>\n<\/tbody>\n<\/table>\n<p>&nbsp;<\/p>\n<p>&nbsp;<\/p>\n<table border=\"0\" cellspacing=\"0\" cellpadding=\"0\">\n<tbody>\n<tr>\n<td colspan=\"2\" valign=\"top\">\n<h2>Consulting- &amp; Development-Skills<\/h2>\n<\/td>\n<\/tr>\n<tr>\n<td valign=\"top\"><strong>\u00a0<\/strong><\/td>\n<td valign=\"top\">Moderation von Planungsteams<\/p>\n<p>Erstellen von Projektplanungen<\/p>\n<p>Erstellen von Dokumentationen und Handb\u00fcchern<\/p>\n<p>Erstellen von Pflichtenheften<\/p>\n<p>Grundlegendes Hard- und Softwarelayout<\/p>\n<p>Teamf\u00fchrung<\/p>\n<p>Generelle Beratung von Kunden und Partnern in o.g. Punkten<\/td>\n<\/tr>\n<tr>\n<td valign=\"top\"><strong>\u00a0<\/strong><\/td>\n<td valign=\"top\"><\/td>\n<\/tr>\n<tr>\n<td colspan=\"2\" valign=\"top\">\n<h2>Pers\u00f6nlichkeitstrainings<\/h2>\n<\/td>\n<\/tr>\n<tr>\n<td valign=\"top\"><strong>\u00a0<\/strong><\/td>\n<td valign=\"top\">Der Weg zum guten Ged\u00e4chtnis<\/p>\n<p>Kommunikationstraining<\/p>\n<p>Rhetorik am Telefon<\/p>\n<p>Ziele setzen und erreichen<\/p>\n<p>Erfolgreich verkaufen<\/p>\n<p>Kundenorientierung<\/p>\n<p>Teambildung<\/p>\n<p>Pr\u00e4sentationstechnik<\/p>\n<p>motivative Produktschulungen<\/p>\n<p>Organisation von Incentives, Kickoff-Meetings u.\u00e4.<\/td>\n<\/tr>\n<tr>\n<td valign=\"top\"><strong>\u00a0<\/strong><\/td>\n<td valign=\"top\"><\/td>\n<\/tr>\n<tr>\n<td colspan=\"2\" valign=\"top\">\n<h2>Referenzen:<\/h2>\n<\/td>\n<\/tr>\n<tr>\n<td valign=\"top\">In \u00fcber 1000 Projekten, Workshops, Trainings, Programmierprojekten und Beratungen war ich unter anderem t\u00e4tig f\u00fcr\u2026<\/td>\n<td valign=\"top\">Lufthansa, Deutsche Flugsicherung, Deutscher Wetterdienst, Siemens, Deutsche Bank, Europ\u00e4ische Zentralbank, Reuters, Commerzbank, Frankfurter Sparkasse, Nassauische Sparkasse, Z\u00fcrich Versicherung, Merck, Paul Ehrlich Institut, IBM, ZDF, Woolworth, Saturn, Westdeutsche Immobilienbank, Wella, DG-Bank, Landesbank Rheinland Pfalz, R+V Versicherung, SAP, John Deere, Danfoss, Hebel-Fertighaus, Allianz, RS-Components, Pfalzwerke Ludwigshafen, 2000-reisen, D+K EDV, MEMA, MGW, MBS, Studiengemeinschaft Darmstadt, Volksbank Dreieich, Mattel, Massa, NUR Touristik, Messe Frankfurt, NOVITEC, PDS, KLM, PWC, Ferrero, Nestle, Ways &amp; Freitag, FLOW-Europe, Mundipharma, ATOS, Fresenius, ASTA Medica, Holzmann AG, Hessisches Zentrum f\u00fcr Datenverarbeitung, Hessisches Landesamt f\u00fcr Strassenwesen, BKA, GTH, ATOS, Deutscher Fachverlag, Eisenbahnimmobilien Management, Dertour, m+s, DASKA Frankfurt, Curver, Bosch, Fujitzu, B+S Card, ALD Leasing, Gesellschaft f\u00fcr Zahlungssysteme, Z\u00fcrich Versicherung<\/td>\n<\/tr>\n<\/tbody>\n<\/table>\n","protected":false},"excerpt":{"rendered":"<p>Erfahrung\/T\u00e4tigkeit seit 1995 &nbsp; Freiberufliche T\u00e4tigkeit als Consultant f\u00fcr IT und Vertrieb in Handel, Finanzdienstleistung, Touristik, Verwaltung und anderen Branchen. Softwareentwicklung und Projektleitung in den Bereichen Software-Entwicklung und \u2013Test, eCommerce, Marketing\/SEO, CMS, CRM\/ERP, Migration, Rollout, Callcenter, Datenbankdesign, und \u2013administration, Servervirtualisierung, Administration von Windows- und Linuxsystemen und vieles mehr. seit 1995 Autor von Fernlehrmaterialien f\u00fcr ein [&hellip;]<\/p>\n","protected":false},"author":1,"featured_media":0,"parent":2,"menu_order":0,"comment_status":"closed","ping_status":"closed","template":"","meta":{"advgb_blocks_editor_width":"","advgb_blocks_columns_visual_guide":"","footnotes":""},"class_list":["post-30","page","type-page","status-publish","hentry"],"coauthors":[],"author_meta":{"author_link":"https:\/\/architechniker.de\/wordpress\/index.php\/author\/thomas\/","display_name":"admin"},"relative_dates":{"created":"Posted 1\u00a0Jahr ago","modified":"Updated 1\u00a0Jahr ago"},"absolute_dates":{"created":"Posted on 29\/11\/2024","modified":"Updated on 29\/11\/2024"},"absolute_dates_time":{"created":"Posted on 29\/11\/2024 14:46","modified":"Updated on 29\/11\/2024 14:47"},"featured_img_caption":"","featured_img":false,"series_order":"","jetpack_sharing_enabled":true,"_links":{"self":[{"href":"https:\/\/architechniker.de\/wordpress\/index.php\/wp-json\/wp\/v2\/pages\/30","targetHints":{"allow":["GET"]}}],"collection":[{"href":"https:\/\/architechniker.de\/wordpress\/index.php\/wp-json\/wp\/v2\/pages"}],"about":[{"href":"https:\/\/architechniker.de\/wordpress\/index.php\/wp-json\/wp\/v2\/types\/page"}],"author":[{"embeddable":true,"href":"https:\/\/architechniker.de\/wordpress\/index.php\/wp-json\/wp\/v2\/users\/1"}],"replies":[{"embeddable":true,"href":"https:\/\/architechniker.de\/wordpress\/index.php\/wp-json\/wp\/v2\/comments?post=30"}],"version-history":[{"count":2,"href":"https:\/\/architechniker.de\/wordpress\/index.php\/wp-json\/wp\/v2\/pages\/30\/revisions"}],"predecessor-version":[{"id":33,"href":"https:\/\/architechniker.de\/wordpress\/index.php\/wp-json\/wp\/v2\/pages\/30\/revisions\/33"}],"up":[{"embeddable":true,"href":"https:\/\/architechniker.de\/wordpress\/index.php\/wp-json\/wp\/v2\/pages\/2"}],"wp:attachment":[{"href":"https:\/\/architechniker.de\/wordpress\/index.php\/wp-json\/wp\/v2\/media?parent=30"}],"curies":[{"name":"wp","href":"https:\/\/api.w.org\/{rel}","templated":true}]}}